3
List the prime factors of 33195496.
2, 4149437
What are the prime factors of 18795915?
3, 5, 29, 4801
What are the prime factors of 137161816?
2, 11, 83, 89, 211
What are the prime factors of 369857186?
2, 184928593
What are the prime factors of 1235909793?
3, 5881, 70051
List the prime factors of 831177686.
2, 19, 21873097
What are the prime factors of 32315233?
2467, 13099
List the prime factors of 46444775.
5, 13, 142907
What are the prime factors of 2061992662?
2, 17, 131, 462953
What are the prime factors of 2812218?
2, 3, 468703
List the prime factors of 197653362.
2, 3, 32942227
List the prime factors of 328884745.
5, 7, 9396707
What are the prime factors of 116066076?
2, 3, 7, 1381739
List the prime factors of 3106929681.
3, 1657, 208337
What are the prime factors of 469777820?
2, 5, 23488891
What are the prime factors of 27207105?
3, 5, 179, 10133
What are the prime factors of 579923589?
3, 7, 27615409
What are the prime factors of 31068218?
2, 15534109
List the prime factors of 143092472.
2, 991, 18049
List the prime factors of 1952470371.
3, 61, 1831, 5827
What are the prime factors of 75533596?
2, 18883399
What are the prime factors of 68568604?
2, 13, 67, 19681
What are the prime factors of 117667429?
11, 10697039
List the prime factors of 34166930.
2, 5, 7, 29, 16831
What are the prime factors of 291499525?
5, 11659981
List the prime factors of 25437377.
7, 97, 37463
What are the prime factors of 1455631617?
3, 11, 1733, 25453
What are the prime factors of 511819389?
3, 56868821
List the prime factors of 171401309.
383, 421, 1063
What are the prime factors of 202924123?
19, 409, 26113
List the prime factors of 446524405.
5, 89304881
List the prime factors of 1212336884.
2, 11, 401, 68711
List the prime factors of 8102592.
2, 3, 521
What are the prime factors of 120107054?
2, 60053527
List the prime factors of 73099308.
2, 3, 19, 320611
List the prime factors of 122278850.
2, 5, 2445577
What are the prime factors of 3849314126?
2, 7, 274951009
What are the prime factors of 6385304670?
2, 3, 5, 31, 6865919
List the prime factors of 1293444046.
2, 233, 571, 4861
List the prime factors of 3596052260.
2, 5, 179802613
List the prime factors of 57910456.
2, 887, 8161
List the prime factors of 3556906.
2, 1778453
List the prime factors of 1029233007.
3, 11, 457, 7583
List the prime factors of 288501295.
5, 281, 205339
List the prime factors of 124097728.
2, 29, 66863
List the prime factors of 3261972169.
3261972169
List the prime factors of 12673705.
5, 11, 230431
List the prime factors of 1484938169.
11, 13, 2333, 4451
What are the prime factors of 33409547?
23, 41, 71, 499
List the prime factors of 113264091.
3, 12584899
What are the prime factors of 1159422529?
2003, 578843
What are the prime factors of 21388439?
21388439
What are the prime factors of 41554527?
3, 7, 127, 15581
List the prime factors of 615727857.
3, 205242619
What are the prime factors of 63510553?
63510553
What are the prime factors of 38040765?
3, 5, 7, 362293
List the prime factors of 93975958.
2, 2411, 19489
What are the prime factors of 35410507?
11, 17, 189361
List the prime factors of 3146699529.
3, 23, 41, 73, 1693
List the prime factors of 8581660.
2, 5, 429083
List the prime factors of 1674524909.
16693, 100313
List the prime factors of 54566621.
4673, 11677
What are the prime factors of 3940171795?
5, 7, 227, 495931
List the prime factors of 1845438922.
2, 827, 1115743
What are the prime factors of 1814349871?
17, 23, 37, 83, 1511
What are the prime factors of 964725083?
7, 233, 84499
List the prime factors of 232865381.
7, 83, 487, 823
List the prime factors of 1404758411.
7, 28668539
List the prime factors of 254043177.
3, 84681059
What are the prime factors of 958486172?
2, 7, 34231649
What are the prime factors of 142971926?
2, 71485963
List the prime factors of 5640939.
3, 626771
What are the prime factors of 172305093?
3, 1663, 34537
List the prime factors of 1022966336.
2, 7, 103, 3167
What are the prime factors of 1696257567?
3, 23, 8194481
What are the prime factors of 993141409?
13, 76395493
List the prime factors of 4860491184.
2, 3, 3750379
What are the prime factors of 101895742?
2, 13, 41, 61, 1567
What are the prime factors of 1491617566?
2, 745808783
What are the prime factors of 2261302210?
2, 5, 89, 2540789
List the prime factors of 1734401669.
7, 11, 13, 1732669
List the prime factors of 189559055.
5, 7, 5415973
What are the prime factors of 3937678124?
2, 3881, 253651
What are the prime factors of 197068336?
2, 2393, 5147
What are the prime factors of 13134225?
3, 5, 13, 19, 709
What are the prime factors of 5770981385?
5, 13, 263, 337583
List the prime factors of 1631213059.
7, 233030437
What are the prime factors of 1673480899?
1673480899
What are the prime factors of 210828028?
2, 19, 23, 29, 4159
List the prime factors of 13031062.
2, 11, 592321
List the prime factors of 940088296.
2, 7, 16787291
What are the prime factors of 635601?
3, 211867
List the prime factors of 1010238526.
2, 11, 2531, 18143
List the prime factors of 956596937.
61, 1733, 9049
What are the prime factors of 39819328?
2, 622177
What are the prime factors of 3868961185?
5, 1663, 465299
List the prime factors of 749386976.
2, 13, 1801411
What are the prime factors of 13058299?
37, 53, 6659
What are the prime factors of 296135086?
2, 13, 457, 24923
What are the prime factors of 406914884?
2, 293, 347197
List the prime factors of 325567705.
5, 65113541
List the prime factors of 41490703.
41490703
List the prime factors of 54157847.
19, 23, 123931
List the prime factors of 6954805745.
5, 1390961149
List the prime factors of 2330098168.
2, 23, 12663577
What are the prime factors of 1042394267?
22811, 45697
List the prime factors of 282971447.
11, 2338607
List the prime factors of 154221082.
2, 1297, 59453
List the prime factors of 177633396.
2, 3, 79, 62459
List the prime factors of 5709828386.
2, 17, 29, 163, 35527
List the prime factors of 12336177.
3, 7, 587437
What are the prime factors of 107313680?
2, 5, 977, 1373
List the prime factors of 502158373.
502158373
What are the prime factors of 3829281340?
2, 5, 71, 2696677
List the prime factors of 210557652.
2, 3, 449, 39079
List the prime factors of 60081028.
2, 7, 401, 5351
List the prime factors of 15090990.
2, 3, 5, 23, 21871
List the prime factors of 140778190.
2, 5, 7, 17, 281, 421
What are the prime factors of 1825174994?
2, 7537, 121081
What are the prime factors of 315476398?
2, 31, 97, 52457
What are the prime factors of 3241474083?
3, 1489, 241883
What are the prime factors of 56667871?
13, 317, 13751
List the prime factors of 28149219.
3, 7, 43, 10391
What are the prime factors of 228738206?
2, 83, 1069, 1289
List the prime factors of 1422758589.
3, 7, 19, 29, 41, 2999
List the prime factors of 704032345.
5, 140806469
List the prime factors of 403359732.
2, 3, 109, 102793
What are the prime factors of 2269015305?
3, 5, 151267687
What are the prime factors of 56233879?
13, 1487, 2909
List the prime factors of 132169188.
2, 3, 61, 103, 1753
What are the prime factors of 1597169993?
73, 21879041
List the prime factors of 97533770.
2, 5, 461, 21157
What are the prime factors of 5958576?
2, 3, 13, 1061
List the prime factors of 921313823.
139, 251, 26407
What are the prime factors of 318338691?
3, 11, 317, 30431
What are the prime factors of 162394864?
2, 31, 327409
List the prime factors of 100535790.
2, 3, 5, 17, 31, 6359
What are the prime factors of 35760474?
2, 3, 662231
List the prime factors of 113569290.
2, 3, 5, 149, 941
What are the prime factors of 435165783?
3, 13, 563, 19819
List the prime factors of 14680204.
2, 7, 11, 619
What are the prime factors of 80175095?
5, 7, 11, 13, 83, 193
List the prime factors of 379222521.
3, 10303, 12269
List the prime factors of 296947797.
3, 98982599
List the prime factors of 34711496.
2, 4338937
List the prime factors of 271880840.
2, 5, 7, 11, 41, 2153
List the prime factors of 323930592.
2, 3, 1124759
List the prime factors of 2718476917.
13, 209113609
List the prime factors of 989676838.
2, 47, 97, 108541
What are the prime factors of 56201297?
19, 2957963
What are the prime factors of 551876827?
101, 5464127
List the prime factors of 155896770.
2, 